{"id":33,"date":"2022-03-28T19:31:33","date_gmt":"2022-03-28T10:31:33","guid":{"rendered":"https:\/\/www.creation.miyoshiya-dx-service.com\/?page_id=33"},"modified":"2022-10-28T15:43:03","modified_gmt":"2022-10-28T06:43:03","slug":"%e3%83%9b%e3%83%bc%e3%83%a0%e3%83%88%e3%83%83%e3%83%97","status":"publish","type":"page","link":"https:\/\/www.creation.miyoshiya-dx-service.com\/","title":{"rendered":"\u30db\u30fc\u30e0\u30c8\u30c3\u30d7"},"content":{"rendered":"\n<div style=\"height:34px\" aria-hidden=\"true\" class=\"wp-block-spacer\"><\/div>\n\n\n\n<h3 class=\"alignwide has-text-align-center wp-block-heading\"><img loading=\"lazy\" decoding=\"async\" width=\"1900\" height=\"150\" class=\"wp-image-271\" style=\"width: 1900px;\" src=\"https:\/\/www.creation.miyoshiya-dx-service.com\/wp-content\/uploads\/2022\/10\/\u898b\u51fa\u3057NEWS-1900-\u00d7-150-px-4.png\" alt=\"\" srcset=\"https:\/\/www.creation.miyoshiya-dx-service.com\/wp-content\/uploads\/2022\/10\/\u898b\u51fa\u3057NEWS-1900-\u00d7-150-px-4.png 1900w, https:\/\/www.creation.miyoshiya-dx-service.com\/wp-content\/uploads\/2022\/10\/\u898b\u51fa\u3057NEWS-1900-\u00d7-150-px-4-300x24.png 300w, https:\/\/www.creation.miyoshiya-dx-service.com\/wp-content\/uploads\/2022\/10\/\u898b\u51fa\u3057NEWS-1900-\u00d7-150-px-4-1024x81.png 1024w, https:\/\/www.creation.miyoshiya-dx-service.com\/wp-content\/uploads\/2022\/10\/\u898b\u51fa\u3057NEWS-1900-\u00d7-150-px-4-768x61.png 768w, https:\/\/www.creation.miyoshiya-dx-service.com\/wp-content\/uploads\/2022\/10\/\u898b\u51fa\u3057NEWS-1900-\u00d7-150-px-4-1536x121.png 1536w\" sizes=\"auto, (max-width: 1900px) 100vw, 1900px\" \/><\/h3>\n\n\n<ul class=\"wp-block-latest-posts__list alignwide wp-block-latest-posts\"><li><a class=\"wp-block-latest-posts__post-title\" href=\"https:\/\/www.creation.miyoshiya-dx-service.com\/?p=1\">Hello world!<\/a><\/li>\n<\/ul>\n\n\n<figure class=\"wp-block-image alignfull size-large\"><img loading=\"lazy\" decoding=\"async\" width=\"1024\" height=\"431\" src=\"https:\/\/www.creation.miyoshiya-dx-service.com\/wp-content\/uploads\/2022\/10\/Hair-Salon-1900-\u00d7-800-px-1900-\u00d7-800-px-1024x431.png\" alt=\"\" class=\"wp-image-268\" srcset=\"https:\/\/www.creation.miyoshiya-dx-service.com\/wp-content\/uploads\/2022\/10\/Hair-Salon-1900-\u00d7-800-px-1900-\u00d7-800-px-1024x431.png 1024w, https:\/\/www.creation.miyoshiya-dx-service.com\/wp-content\/uploads\/2022\/10\/Hair-Salon-1900-\u00d7-800-px-1900-\u00d7-800-px-300x126.png 300w, https:\/\/www.creation.miyoshiya-dx-service.com\/wp-content\/uploads\/2022\/10\/Hair-Salon-1900-\u00d7-800-px-1900-\u00d7-800-px-768x323.png 768w, https:\/\/www.creation.miyoshiya-dx-service.com\/wp-content\/uploads\/2022\/10\/Hair-Salon-1900-\u00d7-800-px-1900-\u00d7-800-px-1536x647.png 1536w, https:\/\/www.creation.miyoshiya-dx-service.com\/wp-content\/uploads\/2022\/10\/Hair-Salon-1900-\u00d7-800-px-1900-\u00d7-800-px.png 1900w\" sizes=\"auto, (max-width: 1024px) 100vw, 1024px\" \/><\/figure>\n\n\n<div class=\"wp-block-image\">\n<figure class=\"aligncenter size-large is-resized\"><img loading=\"lazy\" decoding=\"async\" src=\"https:\/\/www.creation.miyoshiya-dx-service.com\/wp-content\/uploads\/2022\/10\/\u540d\u79f0\u672a\u8a2d\u5b9a-1900-\u00d7-600-px-1900-\u00d7-1200-px-1900-\u00d7-1500-px-1900-\u00d7-1800-px-1-1024x970.png\" alt=\"\" class=\"wp-image-223\" width=\"1059\" height=\"1003\" srcset=\"https:\/\/www.creation.miyoshiya-dx-service.com\/wp-content\/uploads\/2022\/10\/\u540d\u79f0\u672a\u8a2d\u5b9a-1900-\u00d7-600-px-1900-\u00d7-1200-px-1900-\u00d7-1500-px-1900-\u00d7-1800-px-1-1024x970.png 1024w, https:\/\/www.creation.miyoshiya-dx-service.com\/wp-content\/uploads\/2022\/10\/\u540d\u79f0\u672a\u8a2d\u5b9a-1900-\u00d7-600-px-1900-\u00d7-1200-px-1900-\u00d7-1500-px-1900-\u00d7-1800-px-1-300x284.png 300w, https:\/\/www.creation.miyoshiya-dx-service.com\/wp-content\/uploads\/2022\/10\/\u540d\u79f0\u672a\u8a2d\u5b9a-1900-\u00d7-600-px-1900-\u00d7-1200-px-1900-\u00d7-1500-px-1900-\u00d7-1800-px-1-768x728.png 768w, https:\/\/www.creation.miyoshiya-dx-service.com\/wp-content\/uploads\/2022\/10\/\u540d\u79f0\u672a\u8a2d\u5b9a-1900-\u00d7-600-px-1900-\u00d7-1200-px-1900-\u00d7-1500-px-1900-\u00d7-1800-px-1-1536x1455.png 1536w, https:\/\/www.creation.miyoshiya-dx-service.com\/wp-content\/uploads\/2022\/10\/\u540d\u79f0\u672a\u8a2d\u5b9a-1900-\u00d7-600-px-1900-\u00d7-1200-px-1900-\u00d7-1500-px-1900-\u00d7-1800-px-1.png 1900w\" sizes=\"auto, (max-width: 1059px) 100vw, 1059px\" \/><\/figure>\n<\/div>\n\n<div class=\"ti-widget ti-goog\" data-layout-id=\"4\" data-set-id=\"ligth-border\" data-pid=\"b5167179c03e50ec942cb\" data-pager-autoplay-timeout=\"6\" > <div class=\"ti-widget-container ti-col-3\"> <div class=\"ti-reviews-container\"> <div class=\"ti-controls\"> <div class=\"ti-next\"><\/div> <div class=\"ti-prev\"><\/div> <\/div> <div class=\"ti-reviews-container-wrapper\">  <div class=\"ti-review-item source-Google\" > <div class=\"ti-inner\"> <div class=\"ti-review-header\"> <div class=\"ti-profile-img\"> <img decoding=\"async\" src=\"https:\/\/lh3.googleusercontent.com\/a\/ALm5wu1pTk3e5G_JVRN0iMhnTzsAb0tA1HdiGKdR3b81=s120-c-c-rp-w64-h64-mo-br100\" alt=\"\u6d8c\u4e95\u4e9c\u6167\" \/> <\/div> <div class=\"ti-profile-details\"> <div class=\"ti-name\"> \u6d8c\u4e95\u4e9c\u6167 <\/div> <div class=\"ti-date\">2018-12-20<\/div> <\/div> <\/div> <span class=\"ti-stars\"><span class=\"ti-star f\"><\/span><span class=\"ti-star f\"><\/span><span class=\"ti-star f\"><\/span><span class=\"ti-star f\"><\/span><span class=\"ti-star f\"><\/span><\/span> <div class=\"ti-review-content\"> <!-- R-CONTENT -->\u8981\u671b\u3092\u805e\u304d\u5165\u308c\u3066\u304f\u308c\u3066\u3001\u4e01\u5be7\u306a\u3068\u3053\u308d\u304c\u6700\u9ad8\u3067\u3059\u3002<!-- R-CONTENT --> <\/div> <\/div> <\/div>  <div class=\"ti-review-item source-Google\" > <div class=\"ti-inner\"> <div class=\"ti-review-header\"> <div class=\"ti-profile-img\"> <img decoding=\"async\" src=\"https:\/\/lh3.googleusercontent.com\/a-\/ACNPEu-Dm8YxX3r779i45A7bol3YIMt2AwpsJ8Ym3BiA=s120-c-c-rp-w64-h64-mo-ba2-br100\" alt=\"\u548c\u7530\u6804\u4ecb\" \/> <\/div> <div class=\"ti-profile-details\"> <div class=\"ti-name\"> \u548c\u7530\u6804\u4ecb <\/div> <div class=\"ti-date\">2018-08-06<\/div> <\/div> <\/div> <span class=\"ti-stars\"><span class=\"ti-star f\"><\/span><span class=\"ti-star f\"><\/span><span class=\"ti-star f\"><\/span><span class=\"ti-star f\"><\/span><span class=\"ti-star f\"><\/span><\/span> <div class=\"ti-review-content\"> <!-- R-CONTENT --><!-- R-CONTENT --> <\/div> <\/div> <\/div>  <div class=\"ti-review-item source-Google\" > <div class=\"ti-inner\"> <div class=\"ti-review-header\"> <div class=\"ti-profile-img\"> <img decoding=\"async\" src=\"https:\/\/lh3.googleusercontent.com\/a-\/ACNPEu9dYXZUL_E2-H3dKVRxU5RxgW59YJyTau5n20v0jw=s120-c-c-rp-w64-h64-mo-ba3-br100\" alt=\"\u305f\u304b\u4e38\" \/> <\/div> <div class=\"ti-profile-details\"> <div class=\"ti-name\"> \u305f\u304b\u4e38 <\/div> <div class=\"ti-date\">2017-12-29<\/div> <\/div> <\/div> <span class=\"ti-stars\"><span class=\"ti-star f\"><\/span><span class=\"ti-star f\"><\/span><span class=\"ti-star f\"><\/span><span class=\"ti-star f\"><\/span><span class=\"ti-star f\"><\/span><\/span> <div class=\"ti-review-content\"> <!-- R-CONTENT --><!-- R-CONTENT --> <\/div> <\/div> <\/div>  <div class=\"ti-review-item source-Google\" > <div class=\"ti-inner\"> <div class=\"ti-review-header\"> <div class=\"ti-profile-img\"> <img decoding=\"async\" src=\"https:\/\/lh3.googleusercontent.com\/a\/ALm5wu3sD-IvMlPV3M5cHbwGfyfiYxER_7JpLISgF5lI=s120-c-c-rp-w64-h64-mo-br100\" alt=\"\u6a29\u5e73\u9ebb\u8863\" \/> <\/div> <div class=\"ti-profile-details\"> <div class=\"ti-name\"> \u6a29\u5e73\u9ebb\u8863 <\/div> <div class=\"ti-date\">2012-09-04<\/div> <\/div> <\/div> <span class=\"ti-stars\"><span class=\"ti-star f\"><\/span><span class=\"ti-star f\"><\/span><span class=\"ti-star f\"><\/span><span class=\"ti-star f\"><\/span><span class=\"ti-star e\"><\/span><\/span> <div class=\"ti-review-content\"> <!-- R-CONTENT --><!-- R-CONTENT --> <\/div> <\/div> <\/div>  <\/div> <div class=\"ti-controls-dots\"> <div class=\"dot active\"><\/div> <\/div> <\/div> <div class=\"ti-footer\"> <div class=\"ti-rating-text\"> <span class=\"nowrap\"><strong>Google<\/strong> \u8a55\u4fa1\u30b9\u30b3\u30a2: <\/span><span class=\"nowrap\"><strong>4.8<\/strong>\/5, <\/span><span class=\"nowrap\"><strong>4 \u30ec\u30d3\u30e5\u30fc\u306b\u57fa\u3065\u304f<\/strong>.<\/span> <\/div> <\/div> <\/div> <\/div>\n\n\n\n<div class=\"wp-block-group is-style-default has-black-color has-white-background-color has-text-color has-background\"><div class=\"wp-block-group__inner-container is-layout-flow wp-block-group-is-layout-flow\">\n<figure class=\"wp-block-table is-style-stripes\"><table class=\"has-white-background-color has-background\"><tbody><tr><td class=\"has-text-align-center\" data-align=\"center\">\u5e97\u540d<\/td><td class=\"has-text-align-center\" data-align=\"center\">CREATION\u5ddd\u8d8a\u5e97<\/td><\/tr><tr><td class=\"has-text-align-center\" data-align=\"center\">\u4f4f\u6240<\/td><td class=\"has-text-align-center\" data-align=\"center\">\u3012350-0044 <br>\u57fc\u7389\u770c\u5ddd\u8d8a\u5e02\u901a\u753a24\u756a\u573023 \u5354\u548c\u7b2c5\u30d3\u30eb&nbsp;<\/td><\/tr><tr><td class=\"has-text-align-center\" data-align=\"center\">\u6700\u5bc4\u99c5<\/td><td class=\"has-text-align-center\" data-align=\"center\">\u6771\u6b66\u6771\u4e0a\u7dda\u5ddd\u8d8a\u99c5\u5f92\u6b697\u5206<br>JR\u57fc\u4eac\u7dda\u5ddd\u8d8a\u99c5\u5f92\u6b697\u5206<br>\u672c\u5ddd\u8d8a\u99c5\u5f92\u6b697\u5206<\/td><\/tr><tr><td class=\"has-text-align-center\" data-align=\"center\">\u96fb\u8a71<br>\u756a\u53f7<\/td><td class=\"has-text-align-center\" data-align=\"center\">049-222-1605<\/td><\/tr><tr><td class=\"has-text-align-center\" data-align=\"center\">\u55b6\u696d<br>\u6642\u9593<\/td><td class=\"has-text-align-center\" data-align=\"center\">\u5e73\u65e59\uff1a30\uff5e19\uff1a00<br>\u571f\u65e59\uff1a00\uff5e19\uff1a00<\/td><\/tr><tr><td class=\"has-text-align-center\" data-align=\"center\">\u5b9a\u4f11\u65e5<\/td><td class=\"has-text-align-center\" data-align=\"center\">\u6bce\u9031\u706b\u66dc\u65e5&nbsp;<\/td><\/tr><tr><td class=\"has-text-align-center\" data-align=\"center\">\u652f\u6255<br>\u65b9\u6cd5<\/td><td class=\"has-text-align-center\" data-align=\"center\">\u73fe\u91d1\/VISA\uff0fJCB\uff0fPayPay&nbsp;<\/td><\/tr><tr><td class=\"has-text-align-center\" data-align=\"center\">\u5099\u8003<\/td><td class=\"has-text-align-center\" data-align=\"center\">\u304a\u554f\u3044\u5408\u308f\u305b\u306f\u304a\u96fb\u8a71\u3067\u304a\u9858\u3044\u81f4\u3057\u307e\u3059\u3002<\/td><\/tr><\/tbody><\/table><\/figure>\n<\/div><\/div>\n\n\n\n<h1 class=\"has-text-align-center wp-block-heading\"><img loading=\"lazy\" decoding=\"async\" width=\"1900\" height=\"150\" class=\"wp-image-202\" style=\"width: 1900px;\" src=\"https:\/\/www.creation.miyoshiya-dx-service.com\/wp-content\/uploads\/2022\/10\/\u898b\u51fa\u3057\u30b5\u30fc\u30d3\u30b9\u30e1\u30cb\u30e5\u30fc-1900-\u00d7-150-px.png\" alt=\"\" srcset=\"https:\/\/www.creation.miyoshiya-dx-service.com\/wp-content\/uploads\/2022\/10\/\u898b\u51fa\u3057\u30b5\u30fc\u30d3\u30b9\u30e1\u30cb\u30e5\u30fc-1900-\u00d7-150-px.png 1900w, https:\/\/www.creation.miyoshiya-dx-service.com\/wp-content\/uploads\/2022\/10\/\u898b\u51fa\u3057\u30b5\u30fc\u30d3\u30b9\u30e1\u30cb\u30e5\u30fc-1900-\u00d7-150-px-300x24.png 300w, https:\/\/www.creation.miyoshiya-dx-service.com\/wp-content\/uploads\/2022\/10\/\u898b\u51fa\u3057\u30b5\u30fc\u30d3\u30b9\u30e1\u30cb\u30e5\u30fc-1900-\u00d7-150-px-1024x81.png 1024w, https:\/\/www.creation.miyoshiya-dx-service.com\/wp-content\/uploads\/2022\/10\/\u898b\u51fa\u3057\u30b5\u30fc\u30d3\u30b9\u30e1\u30cb\u30e5\u30fc-1900-\u00d7-150-px-768x61.png 768w, https:\/\/www.creation.miyoshiya-dx-service.com\/wp-content\/uploads\/2022\/10\/\u898b\u51fa\u3057\u30b5\u30fc\u30d3\u30b9\u30e1\u30cb\u30e5\u30fc-1900-\u00d7-150-px-1536x121.png 1536w\" sizes=\"auto, (max-width: 1900px) 100vw, 1900px\" \/><\/h1>\n\n\n<div class=\"wp-block-image\">\n<figure class=\"aligncenter size-large is-resized\"><img loading=\"lazy\" decoding=\"async\" src=\"https:\/\/www.creation.miyoshiya-dx-service.com\/wp-content\/uploads\/2022\/10\/\u30af\u30ec\u30a2\u30b7\u30aa\u30f3\u69d8-Menu-1900-\u00d7-2500-px-1900-\u00d7-4000-px-1900-\u00d7-4500-px-1900-\u00d7-4800-px-405x1024.png\" alt=\"\" class=\"wp-image-275\" width=\"1056\" height=\"2670\" srcset=\"https:\/\/www.creation.miyoshiya-dx-service.com\/wp-content\/uploads\/2022\/10\/\u30af\u30ec\u30a2\u30b7\u30aa\u30f3\u69d8-Menu-1900-\u00d7-2500-px-1900-\u00d7-4000-px-1900-\u00d7-4500-px-1900-\u00d7-4800-px-405x1024.png 405w, https:\/\/www.creation.miyoshiya-dx-service.com\/wp-content\/uploads\/2022\/10\/\u30af\u30ec\u30a2\u30b7\u30aa\u30f3\u69d8-Menu-1900-\u00d7-2500-px-1900-\u00d7-4000-px-1900-\u00d7-4500-px-1900-\u00d7-4800-px-119x300.png 119w, https:\/\/www.creation.miyoshiya-dx-service.com\/wp-content\/uploads\/2022\/10\/\u30af\u30ec\u30a2\u30b7\u30aa\u30f3\u69d8-Menu-1900-\u00d7-2500-px-1900-\u00d7-4000-px-1900-\u00d7-4500-px-1900-\u00d7-4800-px-608x1536.png 608w\" sizes=\"auto, (max-width: 1056px) 100vw, 1056px\" \/><\/figure>\n<\/div>\n\n\n<h1 class=\"has-text-align-center wp-block-heading\"><img loading=\"lazy\" decoding=\"async\" width=\"1900\" height=\"150\" class=\"wp-image-203\" style=\"width: 1900px;\" src=\"https:\/\/www.creation.miyoshiya-dx-service.com\/wp-content\/uploads\/2022\/10\/\u898b\u51fa\u3057\u30a2\u30af\u30bb\u30b9\u60c5\u5831-1900-\u00d7-150-px.png\" alt=\"\" srcset=\"https:\/\/www.creation.miyoshiya-dx-service.com\/wp-content\/uploads\/2022\/10\/\u898b\u51fa\u3057\u30a2\u30af\u30bb\u30b9\u60c5\u5831-1900-\u00d7-150-px.png 1900w, https:\/\/www.creation.miyoshiya-dx-service.com\/wp-content\/uploads\/2022\/10\/\u898b\u51fa\u3057\u30a2\u30af\u30bb\u30b9\u60c5\u5831-1900-\u00d7-150-px-300x24.png 300w, https:\/\/www.creation.miyoshiya-dx-service.com\/wp-content\/uploads\/2022\/10\/\u898b\u51fa\u3057\u30a2\u30af\u30bb\u30b9\u60c5\u5831-1900-\u00d7-150-px-1024x81.png 1024w, https:\/\/www.creation.miyoshiya-dx-service.com\/wp-content\/uploads\/2022\/10\/\u898b\u51fa\u3057\u30a2\u30af\u30bb\u30b9\u60c5\u5831-1900-\u00d7-150-px-768x61.png 768w, https:\/\/www.creation.miyoshiya-dx-service.com\/wp-content\/uploads\/2022\/10\/\u898b\u51fa\u3057\u30a2\u30af\u30bb\u30b9\u60c5\u5831-1900-\u00d7-150-px-1536x121.png 1536w\" sizes=\"auto, (max-width: 1900px) 100vw, 1900px\" \/><\/h1>\n\n\n\n<iframe src=\"https:\/\/www.google.com\/maps\/embed?pb=!1m14!1m8!1m3!1d7253.131591235365!2d139.48325135125106!3d35.910919054395706!3m2!1i1024!2i768!4f13.1!3m3!1m2!1s0x0%3A0x73619cdae90ebc93!2z44Kv44Os44Ki44K344Kq44OzIOODmOOCouOCteODreODsyDlt53otorlupc!5e0!3m2!1sja!2sjp!4v1665811953051!5m2!1sja!2sjp\" width=\"100%\" height=\"450\" style=\"border:0;\" allowfullscreen=\"\" loading=\"lazy\" referrerpolicy=\"no-referrer-when-downgrade\"><\/iframe>\n","protected":false},"excerpt":{"rendered":"<p>\u5e97\u540d CREATION\u5ddd\u8d8a\u5e97 \u4f4f\u6240 \u3012350-0044 \u57fc\u7389\u770c\u5ddd\u8d8a\u5e02\u901a\u753a24\u756a\u573023 \u5354\u548c\u7b2c5\u30d3\u30eb&nbsp; \u6700\u5bc4\u99c5 \u6771\u6b66\u6771\u4e0a\u7dda\u5ddd\u8d8a\u99c5\u5f92\u6b697\u5206JR\u57fc\u4eac\u7dda\u5ddd\u8d8a\u99c5\u5f92\u6b697\u5206\u672c\u5ddd\u8d8a\u99c5\u5f92\u6b697\u5206 \u96fb\u8a71\u756a\u53f7 049-222-1605 [&hellip;]<\/p>\n","protected":false},"author":1,"featured_media":0,"parent":0,"menu_order":0,"comment_status":"closed","ping_status":"closed","template":"","meta":{"vkexunit_cta_each_option":"","footnotes":""},"class_list":["post-33","page","type-page","status-publish","hentry"],"_links":{"self":[{"href":"https:\/\/www.creation.miyoshiya-dx-service.com\/index.php?rest_route=\/wp\/v2\/pages\/33","targetHints":{"allow":["GET"]}}],"collection":[{"href":"https:\/\/www.creation.miyoshiya-dx-service.com\/index.php?rest_route=\/wp\/v2\/pages"}],"about":[{"href":"https:\/\/www.creation.miyoshiya-dx-service.com\/index.php?rest_route=\/wp\/v2\/types\/page"}],"author":[{"embeddable":true,"href":"https:\/\/www.creation.miyoshiya-dx-service.com\/index.php?rest_route=\/wp\/v2\/users\/1"}],"replies":[{"embeddable":true,"href":"https:\/\/www.creation.miyoshiya-dx-service.com\/index.php?rest_route=%2Fwp%2Fv2%2Fcomments&post=33"}],"version-history":[{"count":124,"href":"https:\/\/www.creation.miyoshiya-dx-service.com\/index.php?rest_route=\/wp\/v2\/pages\/33\/revisions"}],"predecessor-version":[{"id":277,"href":"https:\/\/www.creation.miyoshiya-dx-service.com\/index.php?rest_route=\/wp\/v2\/pages\/33\/revisions\/277"}],"wp:attachment":[{"href":"https:\/\/www.creation.miyoshiya-dx-service.com\/index.php?rest_route=%2Fwp%2Fv2%2Fmedia&parent=33"}],"curies":[{"name":"wp","href":"https:\/\/api.w.org\/{rel}","templated":true}]}}